m be (-800)/f - 4/14. Let c = -1 + 3. What is the highest common factor of c and m?
2
Let g = -5 + 15. Let u = 24 - g. What is the greatest common divisor of u and 98?
14
Suppose 2*o - o + 4 = 0. Let w(d) = d - 1. Let m(x) = -x. Let z(b) = 5*m(b) + 3*w(b). Let u be z(o). Calculate the greatest common divisor of u and 55.
5
Suppose 3*v = -3 + 15. Let u = 9 + v. Calculate the greatest common factor of u and 117.
13
Let q(c) = c + 15. Let u be q(-13). What is the highest common factor of u and 5?
1
Let u = 65 + -61. Calculate the highest common factor of u and 28.
4
Suppose 5 = s + 4*s. Suppose 6*i - 3*i = -39. Let b = -8 - i. What is the greatest common divisor of s and b?
1
Let c(o) = -o - 1. Let a(x) = -9*x**2 + 0*x**3 + 6*x - x**3 + 5*x**2. Let n be a(-5). Let i be c(n). Calculate the highest common divisor of i and 32.
4
Suppose 7 = 5*k - 3. Suppose 7*l = k*l + 20. Suppose 0 = 5*m - 3*c - 24, 8*c = -m + l*c - 9. Calculate the greatest common divisor of 24 and m.
3
Let i(h) = h + 2. Let w be i(2). Calculate the highest common divisor of 28 and w.
4
Let h = 7 + -4. Suppose 0 = h*l - 123 - 93. Suppose 24 = 4*u - 8. Calculate the greatest common divisor of u and l.
8
Let d(a) be the first derivative of -a**4/4 - 7*a**3/3 + 3*a - 4. Let u be d(-7). What is the highest common divisor of u and 3?
3
Suppose 0*n - 2*l = -3*n + 16, 3*n = 3*l + 15. Calculate the highest common divisor of 66 and n.
6
Suppose 0 = -2*x - x - 4*s + 12, 3*x = -3*s + 15. Let b be -3 - -13 - (3 - 3). Let w = -9 + b. Calculate the greatest common divisor of x and w.
1
Let g be ((-72)/(-28))/(6/28). Suppose -l - 7 = -43. Calculate the greatest common divisor of g and l.
12
Let s be 6 + (-5 + 6)*3. What is the greatest common factor of 18 and s?
9
Let h = 180 - 70. Suppose 5*w + 0*w - h = 0. What is the highest common divisor of w and 66?
22
Suppose 0 = -5*x + 2*b + 1314, x - 3*x + 532 = -4*b. Let p = x - 172. Let o = 217 + -207. Calculate the greatest common factor of p and o.
10
Let c(a) = -a - 1. Let g be c(5). Let r be g - -4 - -1*6. Suppose r*i = -3*o + 20, 5*o + 2*i - 18 - 20 = 0. Calculate the greatest common divisor of 8 and o.
8
Let k(w) be the first derivative of 7/2*w**2 - 1 - 2*w. Let l be k(3). What is the highest common divisor of l and 38?
19
Let w be 5/5*(-1 + 37). Let g = 62 - 44. Calculate the greatest common factor of w and g.
18
Suppose -i + m = 5*m - 8, 5*i - 2 = -m. Let j be (-8)/(-6)*(i + 15). Calculate the highest common divisor of 20 and j.
20
Let x = -30 + 54. Suppose -3*g = -4*i - 29, -2*g - g + x = -3*i. Calculate the greatest common divisor of g and 9.
3
Let d be (16/10)/(1/5). What is the greatest common divisor of 88 and d?
8
Let c = -24 - -68. What is the highest common divisor of 4 and c?
4
Let l be 4/(-4 - (-152)/36). What is the highest common factor of 18 and l?
18
Suppose 3*h - 8 = -2. Calculate the greatest common divisor of h and 10.
2
Let d = -1048 + 1760. Suppose -4*z = -d + 184. Let u(g) = 2*g**2 + 2*g. Let v be u(2). What is the highest common divisor of v and z?
12
Let s be (-3 - -2) + 1*10. Suppose 4*b - 124 = -0*b - 4*r, 3*b + 4*r - 97 = 0. Suppose -7*l = -4*l - b. What is the greatest common divisor of l and s?
9
Let n(d) = 0*d - 5 - 2*d + 0*d**2 + d**2. Let g be n(4). Let r(s) = -s**2 + 8*s + 8. Let b be r(7). Calculate the highest common factor of g and b.
3
Suppose -50 = -2*d - 4*w, 4*w + 3 = -d + 36. Calculate the greatest common factor of d and 68.
17
Suppose -28*u + 25*u = -51. What is the highest common factor of 68 and u?
17
Let w(x) = -x**2 - x + 321. Let j be w(0). Suppose j = 3*p - 42. Calculate the highest common divisor of 11 and p.
11
Suppose 0 = k - 6*k + 155. What is the greatest common factor of 341 and k?
31
Suppose -7*u + 35 = -63. Calculate the greatest common factor of u and 56.
14
Let f(t) = -t**3 + 10*t**2 + 8. Let r be f(10). Calculate the highest common factor of 12 and r.
4
Suppose -1 = -2*d + 2*f + 9, 5*d = -f + 13. Suppose -d*h - 16 = -52. Let m = -15 - -27. What is the greatest common factor of m and h?
12
Let l = -80 + 30. Let r = -20 - l. Calculate the highest common factor of 15 and r.
15
Let n = -3 + 5. Let v(s) = 6*s**2 + 0*s**2 - 5*s**n + 6 + 9*s. Let j be v(-9). What is the greatest common factor of j and 48?
6
Let o(t) = 1 - 6 + 6 + t. Let n be o(13). Let a be 786/8 - (-2)/(-8). Calculate the greatest common factor of n and a.
14
Suppose 2 = -5*g - 13, 4 = 4*d + 4*g. Suppose x - d*x = 0. Suppose 4*i - 20 = -x. Calculate the highest common divisor of 10 and i.
5
Let m = 33 - 18. What is the greatest common factor of 10 and m?
5
Let o(q) = 5*q**2 - 2*q - 3. Suppose 24 = -0*c - 2*c. Let f = c + 7. Let s be o(f). Calculate the greatest common divisor of 12 and s.
12
Let x = -20 + 21. Let w = -4 - -6. Let r be -1*(w + 5)*-1. Calculate the highest common factor of x and r.
1
Let j(g) = -g**2 - 9 - 6 + 2 - 12*g. Let v be j(-9). What is the highest common factor of v and 70?
14
Let h be (-5)/(10/(-222)) - (2 - 2). Calculate the greatest common divisor of h and 74.
37
Let c(l) = l - 2. Let x be c(5). Suppose 4*h - x*z - 18 = 0, -3*z - 5 = -h - 2*z. Suppose 5 + h = 4*p. Calculate the greatest common divisor of p and 2.
2
Suppose 4*k = 450 + 254. Let f(m) = m**3 - 4*m**2 - 7*m - 8. Let s be f(6). What is the greatest common factor of k and s?
22
Let x = -1 - -1. Suppose x*m + 18 = 2*m. Let s(y) = 72*y**3 + y**2 - 1. Let u be s(1). Calculate the highest common factor of u and m.
9
Suppose 3*x + 1 = 2*u, 7 + 3 = 2*u. Let h be x*(-4)/(-3) + 0. Suppose w - 4*l + h = 0, -6*l + 3*l = -w. What is the highest common factor of w and 84?
12
Let c = -2 - -6. Suppose -3*b - 15 = -m, -36 - 24 = -4*m - c*b. What is the highest common factor of 5 and m?
5
Let l(v) = -v**2 + 1. Let b be l(0). What is the highest common divisor of 4 and b?
1
Let a be (135 - 3) + 1*(3 + -5). Calculate the highest common factor of 10 and a.
10
Let o be 23/5 - (-12)/30. Suppose -2*q + 5*q = 171. Suppose -q - 13 = -2*l. What is the highest common factor of o and l?
5
Let p = 24 - 17. Suppose -p*y + 2*y = -z + 135, 5*z = y + 603. Calculate the highest common divisor of 12 and z.
12
Let z = -19 + 49. Calculate the greatest common factor of z and 12.
6
Let h(c) = 3*c + 19. Let w be h(-13). Let q = w - -23. What is the highest common divisor of 24 and q?
3
Let z(y) = y**2 - 9. Let m be z(7). Calculate the highest common factor of m and 8.
8
Let p(j) = j**3 + j**2 - j - 2. Let n be p(-2). Let r be 18/((n/(-2))/2). What is the greatest common divisor of r and 54?
18
Let l = 3 + 34. Let v = 87 - l. Calculate the greatest common divisor of v and 25.
25
Suppose 0 = b - 2*f - 57, -b = f - 45 - 12. Let o be (b/2)/(-3)*-2. What is the greatest common divisor of 19 and o?
19
Let b = 39 - -31. Suppose b = 5*v - 40. Let c be (12*1)/((-4)/(-66)). Calculate the highest common factor of v and c.
22
Suppose g + 3*f - 2*f = 75, 0 = 4*g - 3*f - 279. What is the highest common factor of g and 9?
9
Let x = -10 - -18. Let o be (2 + (1 - -2))*1. Suppose o*w - w = 4. Calculate the highest common factor of w and x.
1
Let v = 81 - 48. Let l be 1/((-1)/v*-1). What is the greatest common divisor of 22 and l?
11
Let w(j) = 2*j - 9. Let i be w(7). Suppose 3*v = 4*v - 2, -i*k = v - 17. Calculate the greatest common divisor of 27 and k.
3
Let c = 2 + 2. What is the highest common divisor of c and 12?
4
Suppose 5*t - 118 = -3*r, -t + 5*r = -14 - 4. Suppose 5*w - 1010 = -5*v, -4*v = -w - 219 - 614. Calculate the highest common factor of t and v.
23
Let w(u) = -u**3 + 6*u**2 + 16*u + 11. Let t be w(8). Let b = 49 + -16. What is the greatest common divisor of b and t?
11
Let c be -2 + 12*(-6)/(-4). Calculate the greatest common factor of 16 and c.
16
Let a = -10 - 3. Let s = a + 29. What is the greatest common divisor of 40 and s?
8
Suppose -j - 3*m + 13 = 0, -3*j + 5*m - 4 - 13 = 0. Let t = j + 1. Suppose 44 = -t*c + 6*c. What is the greatest common divisor of 33 and c?
11
Let k(j) = j + 4. Let p be k(0). Suppose -p*z = z - 170. Suppose -z = -4*w - 4*f + 5*f, 6 = 2*w + 5*f. Calculate the greatest common factor of 88 and w.
8
Suppose -4*y + 5*w = -21, -5*y - 2 = -8*y + w. Let i = -1 - y. Suppose h - 6 + 0 = i. Calculate the greatest common factor of h and 42.
6
Let b = 12 + -1